{"id":32384,"date":"2026-03-30T13:06:52","date_gmt":"2026-03-30T11:06:52","guid":{"rendered":"https:\/\/impactup.com\/poste\/attache-technico-commercial-2\/"},"modified":"2026-05-02T01:00:11","modified_gmt":"2026-05-01T23:00:11","slug":"attache-technico-commercial-2","status":"publish","type":"job_listing","link":"https:\/\/impactup.com\/en\/poste\/attache-technico-commercial-2\/","title":{"rendered":"Attach\u00e9 Technico Commercial"},"content":{"rendered":"<p><strong>Entreprise<\/strong><\/p>\n<p>Notre soci\u00e9t\u00e9, filiale d\u2019un groupe international, con\u00e7oit et fabrique des produits destin\u00e9s \u00e0 la s\u00e9curit\u00e9 des transports et \u00e0 la gestion du trafic routier et urbain. <br \/>Notre pr\u00e9sence sur tous les territoires, nous conduit \u00e0 recruter un(e)<\/p>\n<p style=\"text-align:center\"><strong>Attach\u00e9 Technico Commercial (Sud)<\/strong><\/p>\n<p>Rattach\u00e9(e) au Responsable R\u00e9gional, vous \u00eates en charge du d\u00e9veloppement commercial de votre secteur par la vente de solutions et produits techniques de signalisation, marquage au sol et balisage.<\/p>\n<p>Vous intervenez aupr\u00e8s d\u2019une client\u00e8le :<\/p>\n<ul>\n<li>\n<p>Priv\u00e9e, principalement des entreprises de Travaux Publics<\/p>\n<\/li>\n<li>\n<p>Publique, collectivit\u00e9s locales (communes, communaut\u00e9s de communes, \u00e9tablissements publics)<\/p>\n<\/li>\n<\/ul>\n<p>V\u00e9ritable acteur(trice) de terrain, vous contribuez \u00e0 la performance commerciale de votre p\u00e9rim\u00e8tre.<\/p>\n<p><strong>Vos missions principales<\/strong><\/p>\n<p>Vous assurez au quotidien les missions suivantes :<\/p>\n<ul>\n<li>\n<p>Fid\u00e9liser et d\u00e9velopper un portefeuille clients existant<\/p>\n<\/li>\n<li>\n<p>Prospecter de nouveaux clients et projets sur votre secteur<\/p>\n<\/li>\n<li>\n<p>Analyser les besoins et \u00e9tudier les demandes techniques<\/p>\n<\/li>\n<li>\n<p>R\u00e9aliser les chiffrages et \u00e9tablir les devis<\/p>\n<\/li>\n<li>\n<p>R\u00e9pondre aux appels d\u2019offres, en assurant un r\u00f4le de support technique et commercial aupr\u00e8s des clients<\/p>\n<\/li>\n<li>\n<p>N\u00e9gocier les contrats et assurer le suivi des dossiers<\/p>\n<\/li>\n<li>\n<p>Mener des actions de prescription aupr\u00e8s des donneurs d\u2019ordres et prescripteurs<\/p>\n<\/li>\n<li>\n<p>R\u00e9aliser un reporting r\u00e9gulier de votre activit\u00e9<strong><u>\u00a0<\/u><\/strong><\/p>\n<\/li>\n<\/ul>\n<p><strong>Vous \u00eates<\/strong><\/p>\n<p>Issu(e) d\u2019une formation commerciale ou technique, vous justifiez d\u2019une exp\u00e9rience r\u00e9ussie d\u2019au moins 3 ans dans la vente de produits techniques aux entreprises et collectivit\u00e9s.<\/p>\n<p>Au-del\u00e0 de votre parcours, nous recherchons une personnalit\u00e9 engag\u00e9e et orient\u00e9e r\u00e9sultats, appr\u00e9ciant le terrain et la relation client de proximit\u00e9.<\/p>\n<p>Vous \u00eates reconnu(e) pour :<\/p>\n<ul>\n<li>\n<p>Votre organisation et votre m\u00e9thode<\/p>\n<\/li>\n<li>\n<p>Votre curiosit\u00e9 technique et votre capacit\u00e9 d\u2019analyse<\/p>\n<\/li>\n<li>\n<p>Votre autonomie et votre sens des responsabilit\u00e9s<\/p>\n<\/li>\n<li>\n<p>Votre combativit\u00e9 commerciale et votre go\u00fbt du challenge<\/p>\n<\/li>\n<\/ul>\n<p><strong>Nos conditions et atouts<\/strong><\/p>\n<ul>\n<li>\n<p>L\u2019appartenance \u00e0 un groupe international reconnu, offrant stabilit\u00e9, solidit\u00e9 financi\u00e8re et perspectives d\u2019\u00e9volution<\/p>\n<\/li>\n<li>\n<p>Une entreprise experte et innovante, acteur majeur de la s\u00e9curit\u00e9 routi\u00e8re et urbaine<\/p>\n<\/li>\n<li>\n<p>Un poste terrain, vari\u00e9, au contact d\u2019interlocuteurs publics et priv\u00e9s<\/p>\n<\/li>\n<li>\n<p>Un parcours d\u2019int\u00e9gration structur\u00e9, incluant une formation compl\u00e8te aux produits, aux solutions et aux process<\/p>\n<\/li>\n<li>\n<p>Une r\u00e9mun\u00e9ration attractive compos\u00e9e d\u2019un fixe et d\u2019une part variable statut cadre<\/p>\n<\/li>\n<li>\n<p>Des avantages li\u00e9s au groupe (v\u00e9hicule, outils, int\u00e9ressement, participation, mutuelle&#8230;)<\/p>\n<\/li>\n<\/ul>\n<p>Localisation 83 ou 06 <\/p>\n<p>Recrutement confi\u00e9 au cabinet Impactup, sp\u00e9cialiste des fonctions commerciales et marketing.<br \/>Confidentialit\u00e9 assur\u00e9e.\u00a0<\/p>\n","protected":false},"author":2,"featured_media":0,"template":"","meta":{"_monsterinsights_skip_tracking":false,"_monsterinsights_sitenote_active":false,"_monsterinsights_sitenote_note":"","_monsterinsights_sitenote_category":0,"_promoted":"","_job_location":"83000 Toulon, Provence-Alpes-C\u00f4te d'Azur","_application":"https:\/\/app.beetween.com\/WeaselWeb\/p\/#\/apply\/job\/v4i8q8zm325k\/attache-technico-commercial","_company_name":"","_company_website":"","_company_tagline":"","_company_twitter":"","_company_video":"","_filled":0,"_featured":0,"_remote_position":0,"_job_salary":"","_job_salary_currency":"","_job_salary_unit":""},"job-categories":[],"job-types":[37],"class_list":{"0":"post-32384","1":"job_listing","2":"type-job_listing","3":"status-publish","4":"hentry","6":"job-type-cdi"},"yoast_head":"<!-- This site is optimized with the Yoast SEO plugin v27.5 - https:\/\/yoast.com\/product\/yoast-seo-wordpress\/ -->\n<title>Attach\u00e9 Technico Commercial - ImpactUp<\/title>\n<meta name=\"description\" content=\"Plus d&#039;informations sur Attach\u00e9 Technico Commercial - Offres d&#039;emploi et de recrutement dans les fonctions commerciales et marketing\" \/>\n<meta name=\"robots\" content=\"index, follow, max-snippet:-1, max-image-preview:large, max-video-preview:-1\" \/>\n<link rel=\"canonical\" href=\"https:\/\/impactup.com\/en\/poste\/attache-technico-commercial-2\/\" \/>\n<meta property=\"og:locale\" content=\"en_US\" \/>\n<meta property=\"og:type\" content=\"article\" \/>\n<meta property=\"og:title\" content=\"Attach\u00e9 Technico Commercial - ImpactUp\" \/>\n<meta property=\"og:description\" content=\"Plus d&#039;informations sur Attach\u00e9 Technico Commercial - Offres d&#039;emploi et de recrutement dans les fonctions commerciales et marketing\" \/>\n<meta property=\"og:url\" content=\"https:\/\/impactup.com\/en\/poste\/attache-technico-commercial-2\/\" \/>\n<meta property=\"og:site_name\" content=\"ImpactUp\" \/>\n<meta property=\"article:modified_time\" content=\"2026-05-01T23:00:11+00:00\" \/>\n<meta property=\"og:image\" content=\"https:\/\/impactup.com\/wp-content\/uploads\/2021\/01\/og.jpg\" \/>\n\t<meta property=\"og:image:width\" content=\"1067\" \/>\n\t<meta property=\"og:image:height\" content=\"600\" \/>\n\t<meta property=\"og:image:type\" content=\"image\/jpeg\" \/>\n<meta name=\"twitter:card\" content=\"summary_large_image\" \/>\n<meta name=\"twitter:label1\" content=\"Est. reading time\" \/>\n\t<meta name=\"twitter:data1\" content=\"2 minutes\" \/>\n<script type=\"application\/ld+json\" class=\"yoast-schema-graph\">{\"@context\":\"https:\\\/\\\/schema.org\",\"@graph\":[{\"@type\":\"WebPage\",\"@id\":\"https:\\\/\\\/impactup.com\\\/en\\\/poste\\\/attache-technico-commercial-2\\\/\",\"url\":\"https:\\\/\\\/impactup.com\\\/en\\\/poste\\\/attache-technico-commercial-2\\\/\",\"name\":\"Attach\u00e9 Technico Commercial - ImpactUp\",\"isPartOf\":{\"@id\":\"https:\\\/\\\/impactup.com\\\/en\\\/#website\"},\"datePublished\":\"2026-03-30T11:06:52+00:00\",\"dateModified\":\"2026-05-01T23:00:11+00:00\",\"description\":\"Plus d'informations sur Attach\u00e9 Technico Commercial - Offres d'emploi et de recrutement dans les fonctions commerciales et marketing\",\"breadcrumb\":{\"@id\":\"https:\\\/\\\/impactup.com\\\/en\\\/poste\\\/attache-technico-commercial-2\\\/#breadcrumb\"},\"inLanguage\":\"en-US\",\"potentialAction\":[{\"@type\":\"ReadAction\",\"target\":[\"https:\\\/\\\/impactup.com\\\/en\\\/poste\\\/attache-technico-commercial-2\\\/\"]}]},{\"@type\":\"BreadcrumbList\",\"@id\":\"https:\\\/\\\/impactup.com\\\/en\\\/poste\\\/attache-technico-commercial-2\\\/#breadcrumb\",\"itemListElement\":[{\"@type\":\"ListItem\",\"position\":1,\"name\":\"Accueil\",\"item\":\"https:\\\/\\\/impactup.com\\\/en\\\/\"},{\"@type\":\"ListItem\",\"position\":2,\"name\":\"Attach\u00e9 Technico Commercial\"}]},{\"@type\":\"WebSite\",\"@id\":\"https:\\\/\\\/impactup.com\\\/en\\\/#website\",\"url\":\"https:\\\/\\\/impactup.com\\\/en\\\/\",\"name\":\"ImpactUp\",\"description\":\"Recrutement commerciaux, directions commerciales et fonctions marketing\",\"potentialAction\":[{\"@type\":\"SearchAction\",\"target\":{\"@type\":\"EntryPoint\",\"urlTemplate\":\"https:\\\/\\\/impactup.com\\\/en\\\/?s={search_term_string}\"},\"query-input\":{\"@type\":\"PropertyValueSpecification\",\"valueRequired\":true,\"valueName\":\"search_term_string\"}}],\"inLanguage\":\"en-US\"}]}<\/script>\n<!-- \/ Yoast SEO plugin. -->","yoast_head_json":{"title":"Attach\u00e9 Technico Commercial - ImpactUp","description":"Plus d'informations sur Attach\u00e9 Technico Commercial - Offres d'emploi et de recrutement dans les fonctions commerciales et marketing","robots":{"index":"index","follow":"follow","max-snippet":"max-snippet:-1","max-image-preview":"max-image-preview:large","max-video-preview":"max-video-preview:-1"},"canonical":"https:\/\/impactup.com\/en\/poste\/attache-technico-commercial-2\/","og_locale":"en_US","og_type":"article","og_title":"Attach\u00e9 Technico Commercial - ImpactUp","og_description":"Plus d'informations sur Attach\u00e9 Technico Commercial - Offres d'emploi et de recrutement dans les fonctions commerciales et marketing","og_url":"https:\/\/impactup.com\/en\/poste\/attache-technico-commercial-2\/","og_site_name":"ImpactUp","article_modified_time":"2026-05-01T23:00:11+00:00","og_image":[{"width":1067,"height":600,"url":"https:\/\/impactup.com\/wp-content\/uploads\/2021\/01\/og.jpg","type":"image\/jpeg"}],"twitter_card":"summary_large_image","twitter_misc":{"Est. reading time":"2 minutes"},"schema":{"@context":"https:\/\/schema.org","@graph":[{"@type":"WebPage","@id":"https:\/\/impactup.com\/en\/poste\/attache-technico-commercial-2\/","url":"https:\/\/impactup.com\/en\/poste\/attache-technico-commercial-2\/","name":"Attach\u00e9 Technico Commercial - ImpactUp","isPartOf":{"@id":"https:\/\/impactup.com\/en\/#website"},"datePublished":"2026-03-30T11:06:52+00:00","dateModified":"2026-05-01T23:00:11+00:00","description":"Plus d'informations sur Attach\u00e9 Technico Commercial - Offres d'emploi et de recrutement dans les fonctions commerciales et marketing","breadcrumb":{"@id":"https:\/\/impactup.com\/en\/poste\/attache-technico-commercial-2\/#breadcrumb"},"inLanguage":"en-US","potentialAction":[{"@type":"ReadAction","target":["https:\/\/impactup.com\/en\/poste\/attache-technico-commercial-2\/"]}]},{"@type":"BreadcrumbList","@id":"https:\/\/impactup.com\/en\/poste\/attache-technico-commercial-2\/#breadcrumb","itemListElement":[{"@type":"ListItem","position":1,"name":"Accueil","item":"https:\/\/impactup.com\/en\/"},{"@type":"ListItem","position":2,"name":"Attach\u00e9 Technico Commercial"}]},{"@type":"WebSite","@id":"https:\/\/impactup.com\/en\/#website","url":"https:\/\/impactup.com\/en\/","name":"ImpactUp","description":"Recrutement commerciaux, directions commerciales et fonctions marketing","potentialAction":[{"@type":"SearchAction","target":{"@type":"EntryPoint","urlTemplate":"https:\/\/impactup.com\/en\/?s={search_term_string}"},"query-input":{"@type":"PropertyValueSpecification","valueRequired":true,"valueName":"search_term_string"}}],"inLanguage":"en-US"}]}},"_links":{"self":[{"href":"https:\/\/impactup.com\/en\/wp-json\/wp\/v2\/job-listings\/32384","targetHints":{"allow":["GET"]}}],"collection":[{"href":"https:\/\/impactup.com\/en\/wp-json\/wp\/v2\/job-listings"}],"about":[{"href":"https:\/\/impactup.com\/en\/wp-json\/wp\/v2\/types\/job_listing"}],"author":[{"embeddable":true,"href":"https:\/\/impactup.com\/en\/wp-json\/wp\/v2\/users\/2"}],"wp:attachment":[{"href":"https:\/\/impactup.com\/en\/wp-json\/wp\/v2\/media?parent=32384"}],"wp:term":[{"taxonomy":"job_listing_category","embeddable":true,"href":"https:\/\/impactup.com\/en\/wp-json\/wp\/v2\/job-categories?post=32384"},{"taxonomy":"job_listing_type","embeddable":true,"href":"https:\/\/impactup.com\/en\/wp-json\/wp\/v2\/job-types?post=32384"}],"curies":[{"name":"wp","href":"https:\/\/api.w.org\/{rel}","templated":true}]}}

Attaché Technico Commercial

<p><strong>Entreprise</strong></p>
<p>Notre société, filiale d’un groupe international, conçoit et fabrique des produits destinés à la sécurité des transports et à la gestion du trafic routier et urbain. <br />Notre présence sur tous les territoires, nous conduit à recruter un(e)</p>
<p style="text-align:center"><strong>Attaché Technico Commercial (Sud)</strong></p>
<p>Rattaché(e) au Responsable Régional, vous êtes en charge du développement commercial de votre secteur par la vente de solutions et produits techniques de signalisation, marquage au sol et balisage.</p>
<p>Vous intervenez auprès d’une clientèle :</p>
<ul>
<li>
<p>Privée, principalement des entreprises de Travaux Publics</p>
</li>
<li>
<p>Publique, collectivités locales (communes, communautés de communes, établissements publics)</p>
</li>
</ul>
<p>Véritable acteur(trice) de terrain, vous contribuez à la performance commerciale de votre périmètre.</p>
<p><strong>Vos missions principales</strong></p>
<p>Vous assurez au quotidien les missions suivantes :</p>
<ul>
<li>
<p>Fidéliser et développer un portefeuille clients existant</p>
</li>
<li>
<p>Prospecter de nouveaux clients et projets sur votre secteur</p>
</li>
<li>
<p>Analyser les besoins et étudier les demandes techniques</p>
</li>
<li>
<p>Réaliser les chiffrages et établir les devis</p>
</li>
<li>
<p>Répondre aux appels d’offres, en assurant un rôle de support technique et commercial auprès des clients</p>
</li>
<li>
<p>Négocier les contrats et assurer le suivi des dossiers</p>
</li>
<li>
<p>Mener des actions de prescription auprès des donneurs d’ordres et prescripteurs</p>
</li>
<li>
<p>Réaliser un reporting régulier de votre activité<strong><u> </u></strong></p>
</li>
</ul>
<p><strong>Vous êtes</strong></p>
<p>Issu(e) d’une formation commerciale ou technique, vous justifiez d’une expérience réussie d’au moins 3 ans dans la vente de produits techniques aux entreprises et collectivités.</p>
<p>Au-delà de votre parcours, nous recherchons une personnalité engagée et orientée résultats, appréciant le terrain et la relation client de proximité.</p>
<p>Vous êtes reconnu(e) pour :</p>
<ul>
<li>
<p>Votre organisation et votre méthode</p>
</li>
<li>
<p>Votre curiosité technique et votre capacité d’analyse</p>
</li>
<li>
<p>Votre autonomie et votre sens des responsabilités</p>
</li>
<li>
<p>Votre combativité commerciale et votre goût du challenge</p>
</li>
</ul>
<p><strong>Nos conditions et atouts</strong></p>
<ul>
<li>
<p>L’appartenance à un groupe international reconnu, offrant stabilité, solidité financière et perspectives d’évolution</p>
</li>
<li>
<p>Une entreprise experte et innovante, acteur majeur de la sécurité routière et urbaine</p>
</li>
<li>
<p>Un poste terrain, varié, au contact d’interlocuteurs publics et privés</p>
</li>
<li>
<p>Un parcours d’intégration structuré, incluant une formation complète aux produits, aux solutions et aux process</p>
</li>
<li>
<p>Une rémunération attractive composée d’un fixe et d’une part variable statut cadre</p>
</li>
<li>
<p>Des avantages liés au groupe (véhicule, outils, intéressement, participation, mutuelle&#8230;)</p>
</li>
</ul>
<p>Localisation 83 ou 06 </p>
<p>Recrutement confié au cabinet Impactup, spécialiste des fonctions commerciales et marketing.<br />Confidentialité assurée. </p>

83000 Toulon, Provence-Alpes-Côte d'Azur

<!-- This site is optimized with the Yoast SEO plugin v27.5 - https://yoast.com/product/yoast-seo-wordpress/ -->
<title>Attaché Technico Commercial - ImpactUp</title>
<meta name="description" content="Plus d&#039;informations sur Attaché Technico Commercial - Offres d&#039;emploi et de recrutement dans les fonctions commerciales et marketing" />
<meta name="robots" content="index, follow, max-snippet:-1, max-image-preview:large, max-video-preview:-1" />
<link rel="canonical" href="https://impactup.com/en/poste/attache-technico-commercial-2/" />
<meta property="og:locale" content="en_US" />
<meta property="og:type" content="article" />
<meta property="og:title" content="Attaché Technico Commercial - ImpactUp" />
<meta property="og:description" content="Plus d&#039;informations sur Attaché Technico Commercial - Offres d&#039;emploi et de recrutement dans les fonctions commerciales et marketing" />
<meta property="og:url" content="https://impactup.com/en/poste/attache-technico-commercial-2/" />
<meta property="og:site_name" content="ImpactUp" />
<meta property="article:modified_time" content="2026-05-01T23:00:11+00:00" />
<meta property="og:image" content="https://impactup.com/wp-content/uploads/2021/01/og.jpg" />
	<meta property="og:image:width" content="1067" />
	<meta property="og:image:height" content="600" />
	<meta property="og:image:type" content="image/jpeg" />
<meta name="twitter:card" content="summary_large_image" />
<meta name="twitter:label1" content="Est. reading time" />
	<meta name="twitter:data1" content="2 minutes" />
<script type="application/ld+json" class="yoast-schema-graph">{"@context":"https:\/\/schema.org","@graph":[{"@type":"WebPage","@id":"https:\/\/impactup.com\/en\/poste\/attache-technico-commercial-2\/","url":"https:\/\/impactup.com\/en\/poste\/attache-technico-commercial-2\/","name":"Attaché Technico Commercial - ImpactUp","isPartOf":{"@id":"https:\/\/impactup.com\/en\/#website"},"datePublished":"2026-03-30T11:06:52+00:00","dateModified":"2026-05-01T23:00:11+00:00","description":"Plus d'informations sur Attaché Technico Commercial - Offres d'emploi et de recrutement dans les fonctions commerciales et marketing","breadcrumb":{"@id":"https:\/\/impactup.com\/en\/poste\/attache-technico-commercial-2\/#breadcrumb"},"inLanguage":"en-US","potentialAction":[{"@type":"ReadAction","target":["https:\/\/impactup.com\/en\/poste\/attache-technico-commercial-2\/"]}]},{"@type":"BreadcrumbList","@id":"https:\/\/impactup.com\/en\/poste\/attache-technico-commercial-2\/#breadcrumb","itemListElement":[{"@type":"ListItem","position":1,"name":"Accueil","item":"https:\/\/impactup.com\/en\/"},{"@type":"ListItem","position":2,"name":"Attaché Technico Commercial"}]},{"@type":"WebSite","@id":"https:\/\/impactup.com\/en\/#website","url":"https:\/\/impactup.com\/en\/","name":"ImpactUp","description":"Recrutement commerciaux, directions commerciales et fonctions marketing","potentialAction":[{"@type":"SearchAction","target":{"@type":"EntryPoint","urlTemplate":"https:\/\/impactup.com\/en\/?s={search_term_string}"},"query-input":{"@type":"PropertyValueSpecification","valueRequired":true,"valueName":"search_term_string"}}],"inLanguage":"en-US"}]}</script>
<!-- / Yoast SEO plugin. -->

Attaché Technico Commercial - ImpactUp

Plus d'informations sur Attaché Technico Commercial - Offres d'emploi et de recrutement dans les fonctions commerciales et marketing
