{"id":32258,"date":"2026-03-19T07:54:02","date_gmt":"2026-03-19T06:54:02","guid":{"rendered":"https:\/\/impactup.com\/poste\/chef-de-projet-evenementiel-h-f\/"},"modified":"2026-05-02T08:00:18","modified_gmt":"2026-05-02T06:00:18","slug":"chef-de-projet-evenementiel-h-f","status":"publish","type":"job_listing","link":"https:\/\/impactup.com\/en\/poste\/chef-de-projet-evenementiel-h-f\/","title":{"rendered":"Chef de Projet Ev\u00e8nementiel H\/F"},"content":{"rendered":"<p><strong>Entreprise\u00a0:<\/strong><\/p>\n<p style=\"text-align:center\">Concevoir, produire, coordonner\u2026 et g\u00e9rer l\u2019impr\u00e9vu avec \u00e9l\u00e9gance : si c\u2019est votre quotidien, vous pourriez bien \u00eatre notre prochain(e) chef(fe) de projet \u00e9v\u00e8nementiel.\u00a0<\/p>\n<p>Depuis 30 ans, nous exploitons un espace de 13\u00a0000 m2 \u00e0 Rungis, d\u00e9di\u00e9 \u00e0 l\u2019organisation d\u2019\u00e9v\u00e8nements BtoB tels que des salons, congr\u00e8s, s\u00e9minaires, soir\u00e9es incentive ou \u00e9v\u00e8nements ludiques. Nous avons \u00e9galement cr\u00e9\u00e9 une agence qui repense l\u2019\u00e9v\u00e8nementiel diff\u00e9remment. C\u2019est au sein de ces deux p\u00e9rim\u00e8tres compl\u00e9mentaires que vous interviendrez en tant que\u00a0:<\/p>\n<p style=\"text-align:center\">\u00a0<strong>Chef de projet \u00e9v\u00e8nementiel H\/F<\/strong><\/p>\n<p><strong>Vos missions :<\/strong><\/p>\n<p>Directement rattach\u00e9(e) au Responsable de l\u2019Agence, vous aurez pour mission de\u00a0:<\/p>\n<ul>\n<li>\n<p>Piloter des projets \u00e9v\u00e9nementiels de A \u00e0 Z : brief client, conception, production et coordination.<\/p>\n<\/li>\n<li>\n<p>Organiser la logistique des \u00e9v\u00e9nements (planning, prestataires, technique, restauration, transport, s\u00e9curit\u00e9\u2026).<\/p>\n<\/li>\n<li>\n<p>Assurer la mise en \u0153uvre des \u00e9v\u00e9nements sur notre espace et sur des projets hors site.<\/p>\n<\/li>\n<li>\n<p>\u00catre pr\u00e9sent(e) sur le terrain lors du montage, de l\u2019exploitation et du d\u00e9montage.<\/p>\n<\/li>\n<li>\n<p>\u00catre l\u2019interlocuteur(rice) privil\u00e9gi\u00e9(e) des clients et garantir leur satisfaction.<\/p>\n<\/li>\n<li>\n<p>\u00c9laborer les devis, suivre les budgets et optimiser la rentabilit\u00e9 des projets.<\/p>\n<\/li>\n<li>\n<p>Coordonner l\u2019ensemble des intervenants internes et externes.<\/p>\n<\/li>\n<li>\n<p>Anticiper les impr\u00e9vus, g\u00e9rer les risques et assurer un suivi post-\u00e9v\u00e9nement.<\/p>\n<\/li>\n<\/ul>\n<p><strong>Votre profil :<\/strong><\/p>\n<p>Vous poss\u00e9dez une exp\u00e9rience r\u00e9ussie de 4-5 ans minimum, en gestion de projets \u00e9v\u00e8nementiels. Vos atouts pour r\u00e9ussir sont\u00a0:<\/p>\n<ul>\n<li>\n<p>Une solide culture production et logistique \u00e9v\u00e9nementielle.<\/p>\n<\/li>\n<li>\n<p>Une organisation, une rigueur et une capacit\u00e9 \u00e0 g\u00e9rer plusieurs projets simultan\u00e9ment, et tout cela dans la bonne humeur.<\/p>\n<\/li>\n<li>\n<p>Une r\u00e9activit\u00e9, un sang-froid sur le terrain \u00e0 toute \u00e9preuve.<\/p>\n<\/li>\n<li>\n<p>Un excellent relationnel et sens du service client.<\/p>\n<\/li>\n<li>\n<p>Une aisance naturelle pour pr\u00e9senter vos id\u00e9es, et pitcher les projets<\/p>\n<\/li>\n<li>\n<p>Un bon esprit d\u2019\u00e9quipe et d\u2019entraide<\/p>\n<\/li>\n<\/ul>\n<p><strong>Conditions :<\/strong><\/p>\n<ul>\n<li>\n<p>Poste bas\u00e9 \u00e0 Rungis avec d\u00e9placements ponctuels en France.<\/p>\n<\/li>\n<li>\n<p>Package : 38K\u20ac brut annuel &#43; 20 % de variable.<\/p>\n<\/li>\n<li>\n<p>T\u00e9l\u00e9travail possible selon l\u2019activit\u00e9.<\/p>\n<\/li>\n<li>\n<p>25 jours de cong\u00e9s &#43; 6 jours offerts par la direction.<\/p>\n<\/li>\n<li>\n<p>Participation aux frais de transport, titres restaurant et prime d\u2019int\u00e9ressement.<\/p>\n<\/li>\n<\/ul>\n<p>&#x1f449; Pour rejoindre une \u00e9quipe passionn\u00e9e et contribuer \u00e0 cr\u00e9er des \u00e9v\u00e9nements qui comptent, c\u2019est ici\u00a0! Postulez\u00a0!<\/p>\n","protected":false},"author":2,"featured_media":0,"template":"","meta":{"_monsterinsights_skip_tracking":false,"_monsterinsights_sitenote_active":false,"_monsterinsights_sitenote_note":"","_monsterinsights_sitenote_category":0,"_promoted":"","_job_location":"94150 Rungis, \u00cele-de-France","_application":"https:\/\/app.beetween.com\/WeaselWeb\/p\/#\/apply\/job\/4gouefockn5k\/chef-de-projet-evenementiel-h-f","_company_name":"","_company_website":"","_company_tagline":"","_company_twitter":"","_company_video":"","_filled":0,"_featured":0,"_remote_position":0,"_job_salary":"","_job_salary_currency":"","_job_salary_unit":""},"job-categories":[],"job-types":[37],"class_list":{"0":"post-32258","1":"job_listing","2":"type-job_listing","3":"status-publish","4":"hentry","6":"job-type-cdi"},"yoast_head":"<!-- This site is optimized with the Yoast SEO plugin v27.5 - https:\/\/yoast.com\/product\/yoast-seo-wordpress\/ -->\n<title>Chef de Projet Ev\u00e8nementiel H\/F - ImpactUp<\/title>\n<meta name=\"description\" content=\"Plus d&#039;informations sur Chef de Projet Ev\u00e8nementiel H\/F - Offres d&#039;emploi et de recrutement dans les fonctions commerciales et marketing\" \/>\n<meta name=\"robots\" content=\"index, follow, max-snippet:-1, max-image-preview:large, max-video-preview:-1\" \/>\n<link rel=\"canonical\" href=\"https:\/\/impactup.com\/en\/poste\/chef-de-projet-evenementiel-h-f\/\" \/>\n<meta property=\"og:locale\" content=\"en_US\" \/>\n<meta property=\"og:type\" content=\"article\" \/>\n<meta property=\"og:title\" content=\"Chef de Projet Ev\u00e8nementiel H\/F - ImpactUp\" \/>\n<meta property=\"og:description\" content=\"Plus d&#039;informations sur Chef de Projet Ev\u00e8nementiel H\/F - Offres d&#039;emploi et de recrutement dans les fonctions commerciales et marketing\" \/>\n<meta property=\"og:url\" content=\"https:\/\/impactup.com\/en\/poste\/chef-de-projet-evenementiel-h-f\/\" \/>\n<meta property=\"og:site_name\" content=\"ImpactUp\" \/>\n<meta property=\"article:modified_time\" content=\"2026-05-02T06:00:18+00:00\" \/>\n<meta property=\"og:image\" content=\"https:\/\/impactup.com\/wp-content\/uploads\/2021\/01\/og.jpg\" \/>\n\t<meta property=\"og:image:width\" content=\"1067\" \/>\n\t<meta property=\"og:image:height\" content=\"600\" \/>\n\t<meta property=\"og:image:type\" content=\"image\/jpeg\" \/>\n<meta name=\"twitter:card\" content=\"summary_large_image\" \/>\n<meta name=\"twitter:label1\" content=\"Est. reading time\" \/>\n\t<meta name=\"twitter:data1\" content=\"2 minutes\" \/>\n<script type=\"application\/ld+json\" class=\"yoast-schema-graph\">{\"@context\":\"https:\\\/\\\/schema.org\",\"@graph\":[{\"@type\":\"WebPage\",\"@id\":\"https:\\\/\\\/impactup.com\\\/en\\\/poste\\\/chef-de-projet-evenementiel-h-f\\\/\",\"url\":\"https:\\\/\\\/impactup.com\\\/en\\\/poste\\\/chef-de-projet-evenementiel-h-f\\\/\",\"name\":\"Chef de Projet Ev\u00e8nementiel H\\\/F - ImpactUp\",\"isPartOf\":{\"@id\":\"https:\\\/\\\/impactup.com\\\/en\\\/#website\"},\"datePublished\":\"2026-03-19T06:54:02+00:00\",\"dateModified\":\"2026-05-02T06:00:18+00:00\",\"description\":\"Plus d'informations sur Chef de Projet Ev\u00e8nementiel H\\\/F - Offres d'emploi et de recrutement dans les fonctions commerciales et marketing\",\"breadcrumb\":{\"@id\":\"https:\\\/\\\/impactup.com\\\/en\\\/poste\\\/chef-de-projet-evenementiel-h-f\\\/#breadcrumb\"},\"inLanguage\":\"en-US\",\"potentialAction\":[{\"@type\":\"ReadAction\",\"target\":[\"https:\\\/\\\/impactup.com\\\/en\\\/poste\\\/chef-de-projet-evenementiel-h-f\\\/\"]}]},{\"@type\":\"BreadcrumbList\",\"@id\":\"https:\\\/\\\/impactup.com\\\/en\\\/poste\\\/chef-de-projet-evenementiel-h-f\\\/#breadcrumb\",\"itemListElement\":[{\"@type\":\"ListItem\",\"position\":1,\"name\":\"Accueil\",\"item\":\"https:\\\/\\\/impactup.com\\\/en\\\/\"},{\"@type\":\"ListItem\",\"position\":2,\"name\":\"Chef de Projet Ev\u00e8nementiel H\\\/F\"}]},{\"@type\":\"WebSite\",\"@id\":\"https:\\\/\\\/impactup.com\\\/en\\\/#website\",\"url\":\"https:\\\/\\\/impactup.com\\\/en\\\/\",\"name\":\"ImpactUp\",\"description\":\"Recrutement commerciaux, directions commerciales et fonctions marketing\",\"potentialAction\":[{\"@type\":\"SearchAction\",\"target\":{\"@type\":\"EntryPoint\",\"urlTemplate\":\"https:\\\/\\\/impactup.com\\\/en\\\/?s={search_term_string}\"},\"query-input\":{\"@type\":\"PropertyValueSpecification\",\"valueRequired\":true,\"valueName\":\"search_term_string\"}}],\"inLanguage\":\"en-US\"}]}<\/script>\n<!-- \/ Yoast SEO plugin. -->","yoast_head_json":{"title":"Chef de Projet Ev\u00e8nementiel H\/F - ImpactUp","description":"Plus d'informations sur Chef de Projet Ev\u00e8nementiel H\/F - Offres d'emploi et de recrutement dans les fonctions commerciales et marketing","robots":{"index":"index","follow":"follow","max-snippet":"max-snippet:-1","max-image-preview":"max-image-preview:large","max-video-preview":"max-video-preview:-1"},"canonical":"https:\/\/impactup.com\/en\/poste\/chef-de-projet-evenementiel-h-f\/","og_locale":"en_US","og_type":"article","og_title":"Chef de Projet Ev\u00e8nementiel H\/F - ImpactUp","og_description":"Plus d'informations sur Chef de Projet Ev\u00e8nementiel H\/F - Offres d'emploi et de recrutement dans les fonctions commerciales et marketing","og_url":"https:\/\/impactup.com\/en\/poste\/chef-de-projet-evenementiel-h-f\/","og_site_name":"ImpactUp","article_modified_time":"2026-05-02T06:00:18+00:00","og_image":[{"width":1067,"height":600,"url":"https:\/\/impactup.com\/wp-content\/uploads\/2021\/01\/og.jpg","type":"image\/jpeg"}],"twitter_card":"summary_large_image","twitter_misc":{"Est. reading time":"2 minutes"},"schema":{"@context":"https:\/\/schema.org","@graph":[{"@type":"WebPage","@id":"https:\/\/impactup.com\/en\/poste\/chef-de-projet-evenementiel-h-f\/","url":"https:\/\/impactup.com\/en\/poste\/chef-de-projet-evenementiel-h-f\/","name":"Chef de Projet Ev\u00e8nementiel H\/F - ImpactUp","isPartOf":{"@id":"https:\/\/impactup.com\/en\/#website"},"datePublished":"2026-03-19T06:54:02+00:00","dateModified":"2026-05-02T06:00:18+00:00","description":"Plus d'informations sur Chef de Projet Ev\u00e8nementiel H\/F - Offres d'emploi et de recrutement dans les fonctions commerciales et marketing","breadcrumb":{"@id":"https:\/\/impactup.com\/en\/poste\/chef-de-projet-evenementiel-h-f\/#breadcrumb"},"inLanguage":"en-US","potentialAction":[{"@type":"ReadAction","target":["https:\/\/impactup.com\/en\/poste\/chef-de-projet-evenementiel-h-f\/"]}]},{"@type":"BreadcrumbList","@id":"https:\/\/impactup.com\/en\/poste\/chef-de-projet-evenementiel-h-f\/#breadcrumb","itemListElement":[{"@type":"ListItem","position":1,"name":"Accueil","item":"https:\/\/impactup.com\/en\/"},{"@type":"ListItem","position":2,"name":"Chef de Projet Ev\u00e8nementiel H\/F"}]},{"@type":"WebSite","@id":"https:\/\/impactup.com\/en\/#website","url":"https:\/\/impactup.com\/en\/","name":"ImpactUp","description":"Recrutement commerciaux, directions commerciales et fonctions marketing","potentialAction":[{"@type":"SearchAction","target":{"@type":"EntryPoint","urlTemplate":"https:\/\/impactup.com\/en\/?s={search_term_string}"},"query-input":{"@type":"PropertyValueSpecification","valueRequired":true,"valueName":"search_term_string"}}],"inLanguage":"en-US"}]}},"_links":{"self":[{"href":"https:\/\/impactup.com\/en\/wp-json\/wp\/v2\/job-listings\/32258","targetHints":{"allow":["GET"]}}],"collection":[{"href":"https:\/\/impactup.com\/en\/wp-json\/wp\/v2\/job-listings"}],"about":[{"href":"https:\/\/impactup.com\/en\/wp-json\/wp\/v2\/types\/job_listing"}],"author":[{"embeddable":true,"href":"https:\/\/impactup.com\/en\/wp-json\/wp\/v2\/users\/2"}],"wp:attachment":[{"href":"https:\/\/impactup.com\/en\/wp-json\/wp\/v2\/media?parent=32258"}],"wp:term":[{"taxonomy":"job_listing_category","embeddable":true,"href":"https:\/\/impactup.com\/en\/wp-json\/wp\/v2\/job-categories?post=32258"},{"taxonomy":"job_listing_type","embeddable":true,"href":"https:\/\/impactup.com\/en\/wp-json\/wp\/v2\/job-types?post=32258"}],"curies":[{"name":"wp","href":"https:\/\/api.w.org\/{rel}","templated":true}]}}

Chef de Projet Evènementiel H/F

<p><strong>Entreprise :</strong></p>
<p style="text-align:center">Concevoir, produire, coordonner… et gérer l’imprévu avec élégance : si c’est votre quotidien, vous pourriez bien être notre prochain(e) chef(fe) de projet évènementiel. </p>
<p>Depuis 30 ans, nous exploitons un espace de 13 000 m2 à Rungis, dédié à l’organisation d’évènements BtoB tels que des salons, congrès, séminaires, soirées incentive ou évènements ludiques. Nous avons également créé une agence qui repense l’évènementiel différemment. C’est au sein de ces deux périmètres complémentaires que vous interviendrez en tant que :</p>
<p style="text-align:center"> <strong>Chef de projet évènementiel H/F</strong></p>
<p><strong>Vos missions :</strong></p>
<p>Directement rattaché(e) au Responsable de l’Agence, vous aurez pour mission de :</p>
<ul>
<li>
<p>Piloter des projets événementiels de A à Z : brief client, conception, production et coordination.</p>
</li>
<li>
<p>Organiser la logistique des événements (planning, prestataires, technique, restauration, transport, sécurité…).</p>
</li>
<li>
<p>Assurer la mise en œuvre des événements sur notre espace et sur des projets hors site.</p>
</li>
<li>
<p>Être présent(e) sur le terrain lors du montage, de l’exploitation et du démontage.</p>
</li>
<li>
<p>Être l’interlocuteur(rice) privilégié(e) des clients et garantir leur satisfaction.</p>
</li>
<li>
<p>Élaborer les devis, suivre les budgets et optimiser la rentabilité des projets.</p>
</li>
<li>
<p>Coordonner l’ensemble des intervenants internes et externes.</p>
</li>
<li>
<p>Anticiper les imprévus, gérer les risques et assurer un suivi post-événement.</p>
</li>
</ul>
<p><strong>Votre profil :</strong></p>
<p>Vous possédez une expérience réussie de 4-5 ans minimum, en gestion de projets évènementiels. Vos atouts pour réussir sont :</p>
<ul>
<li>
<p>Une solide culture production et logistique événementielle.</p>
</li>
<li>
<p>Une organisation, une rigueur et une capacité à gérer plusieurs projets simultanément, et tout cela dans la bonne humeur.</p>
</li>
<li>
<p>Une réactivité, un sang-froid sur le terrain à toute épreuve.</p>
</li>
<li>
<p>Un excellent relationnel et sens du service client.</p>
</li>
<li>
<p>Une aisance naturelle pour présenter vos idées, et pitcher les projets</p>
</li>
<li>
<p>Un bon esprit d’équipe et d’entraide</p>
</li>
</ul>
<p><strong>Conditions :</strong></p>
<ul>
<li>
<p>Poste basé à Rungis avec déplacements ponctuels en France.</p>
</li>
<li>
<p>Package : 38K€ brut annuel &#43; 20 % de variable.</p>
</li>
<li>
<p>Télétravail possible selon l’activité.</p>
</li>
<li>
<p>25 jours de congés &#43; 6 jours offerts par la direction.</p>
</li>
<li>
<p>Participation aux frais de transport, titres restaurant et prime d’intéressement.</p>
</li>
</ul>
<p>&#x1f449; Pour rejoindre une équipe passionnée et contribuer à créer des événements qui comptent, c’est ici ! Postulez !</p>

94150 Rungis, Île-de-France

<!-- This site is optimized with the Yoast SEO plugin v27.5 - https://yoast.com/product/yoast-seo-wordpress/ -->
<title>Chef de Projet Evènementiel H/F - ImpactUp</title>
<meta name="description" content="Plus d&#039;informations sur Chef de Projet Evènementiel H/F - Offres d&#039;emploi et de recrutement dans les fonctions commerciales et marketing" />
<meta name="robots" content="index, follow, max-snippet:-1, max-image-preview:large, max-video-preview:-1" />
<link rel="canonical" href="https://impactup.com/en/poste/chef-de-projet-evenementiel-h-f/" />
<meta property="og:locale" content="en_US" />
<meta property="og:type" content="article" />
<meta property="og:title" content="Chef de Projet Evènementiel H/F - ImpactUp" />
<meta property="og:description" content="Plus d&#039;informations sur Chef de Projet Evènementiel H/F - Offres d&#039;emploi et de recrutement dans les fonctions commerciales et marketing" />
<meta property="og:url" content="https://impactup.com/en/poste/chef-de-projet-evenementiel-h-f/" />
<meta property="og:site_name" content="ImpactUp" />
<meta property="article:modified_time" content="2026-05-02T06:00:18+00:00" />
<meta property="og:image" content="https://impactup.com/wp-content/uploads/2021/01/og.jpg" />
	<meta property="og:image:width" content="1067" />
	<meta property="og:image:height" content="600" />
	<meta property="og:image:type" content="image/jpeg" />
<meta name="twitter:card" content="summary_large_image" />
<meta name="twitter:label1" content="Est. reading time" />
	<meta name="twitter:data1" content="2 minutes" />
<script type="application/ld+json" class="yoast-schema-graph">{"@context":"https:\/\/schema.org","@graph":[{"@type":"WebPage","@id":"https:\/\/impactup.com\/en\/poste\/chef-de-projet-evenementiel-h-f\/","url":"https:\/\/impactup.com\/en\/poste\/chef-de-projet-evenementiel-h-f\/","name":"Chef de Projet Evènementiel H\/F - ImpactUp","isPartOf":{"@id":"https:\/\/impactup.com\/en\/#website"},"datePublished":"2026-03-19T06:54:02+00:00","dateModified":"2026-05-02T06:00:18+00:00","description":"Plus d'informations sur Chef de Projet Evènementiel H\/F - Offres d'emploi et de recrutement dans les fonctions commerciales et marketing","breadcrumb":{"@id":"https:\/\/impactup.com\/en\/poste\/chef-de-projet-evenementiel-h-f\/#breadcrumb"},"inLanguage":"en-US","potentialAction":[{"@type":"ReadAction","target":["https:\/\/impactup.com\/en\/poste\/chef-de-projet-evenementiel-h-f\/"]}]},{"@type":"BreadcrumbList","@id":"https:\/\/impactup.com\/en\/poste\/chef-de-projet-evenementiel-h-f\/#breadcrumb","itemListElement":[{"@type":"ListItem","position":1,"name":"Accueil","item":"https:\/\/impactup.com\/en\/"},{"@type":"ListItem","position":2,"name":"Chef de Projet Evènementiel H\/F"}]},{"@type":"WebSite","@id":"https:\/\/impactup.com\/en\/#website","url":"https:\/\/impactup.com\/en\/","name":"ImpactUp","description":"Recrutement commerciaux, directions commerciales et fonctions marketing","potentialAction":[{"@type":"SearchAction","target":{"@type":"EntryPoint","urlTemplate":"https:\/\/impactup.com\/en\/?s={search_term_string}"},"query-input":{"@type":"PropertyValueSpecification","valueRequired":true,"valueName":"search_term_string"}}],"inLanguage":"en-US"}]}</script>
<!-- / Yoast SEO plugin. -->

Chef de Projet Evènementiel H/F - ImpactUp

Plus d'informations sur Chef de Projet Evènementiel H/F - Offres d'emploi et de recrutement dans les fonctions commerciales et marketing
