{"id":30603,"date":"2025-09-04T13:38:00","date_gmt":"2025-09-04T11:38:00","guid":{"rendered":"https:\/\/impactup.niou.dev\/poste\/chef-des-ventes-6\/"},"modified":"2026-04-10T12:00:18","modified_gmt":"2026-04-10T10:00:18","slug":"chef-des-ventes-6","status":"publish","type":"job_listing","link":"https:\/\/impactup.com\/en\/poste\/chef-des-ventes-6\/","title":{"rendered":"Chef des ventes"},"content":{"rendered":"<p><strong>Entreprise :<\/strong><br \/>Notre client est un groupe leader de la distribution professionnelle.<\/p>\n<p>Il recrute un(e)\u00a0:\u00a0<\/p>\n<p style=\"text-align:center\"><strong>Chef des ventes m\u00e9canique<\/strong><\/p>\n<p><strong>Vos missions\u00a0:<\/strong><\/p>\n<p>Rattach\u00e9 \u00e0 la Direction commerciale de la filiale, vous participez au d\u00e9veloppement des ventes sur votre secteur :\u00a0<\/p>\n<ul>\n<li>\n<p>Vous recrutez, formez et animez sur le terrain une \u00e9quipe de 5 commerciaux,<\/p>\n<\/li>\n<li>\n<p>Vous mettez en place les plans d\u2019actions commerciales,<\/p>\n<\/li>\n<li>\n<p>Vous organisez l\u2019activit\u00e9 et les plans de tourn\u00e9e,<\/p>\n<\/li>\n<li>\n<p>Vous accompagnez et coachez les commerciaux sur le terrain, corrigez et am\u00e9liorez le techniques de vente,<\/p>\n<\/li>\n<li>\n<p>Vous dynamisez vos collaborateurs, menez les entretiens individuels et animez les r\u00e9unions d\u2019\u00e9quipe.<\/p>\n<\/li>\n<li>\n<p>Vous contr\u00f4lez les tableaux de bords, analysez vos r\u00e9sultats et mettez en place les plans d\u2019actions correctifs.<\/p>\n<\/li>\n<\/ul>\n<p><strong>Nos atouts :<\/strong><\/p>\n<ul>\n<li>\n<p>Un groupe leader sur son march\u00e9.<\/p>\n<\/li>\n<li>\n<p>Une entreprise qui valorise le d\u00e9veloppement des comp\u00e9tences de ses collaborateurs.<\/p>\n<\/li>\n<li>\n<p>Des opportunit\u00e9s d\u2019\u00e9volution verticales et horizontales.<\/p>\n<\/li>\n<li>\n<p>Un package et des conditions valorisantes (45-48K\u20ac &#43; avantages)<\/p>\n<\/li>\n<\/ul>\n<p><strong>Vous \u00eates\u00a0:<\/strong><\/p>\n<p>De formation commerciale sup\u00e9rieure (Bac&#43;3 minimum), vous justifiez de 5 ans d\u2019exp\u00e9rience d\u2019encadrement d\u2019\u00e9quipes commerciales en BtoB\u00a0id\u00e9alement\u00a0acquise en environnement connexe, pi\u00e8ces autos, fournitures industrielles, en distribution sp\u00e9cialise ou n\u00e9goce.<\/p>\n<ul>\n<li>\n<p>Manager de terrain, organis\u00e9(e), autonome, vous avez un temp\u00e9rament de leader et maitrisez les techniques de vente.<\/p>\n<\/li>\n<li>\n<p>Tenace, rigoureux(se), esprit d\u2019\u00e9quipe, sens du service client, vous poss\u00e9dez id\u00e9alement une bonne connaissance des m\u00e9tiers de l\u2019automobile.<\/p>\n<\/li>\n<li>\n<p>Dynamique, orient\u00e9(e) r\u00e9sultats, communicant(e), vous savez mobiliser vos \u00e9quipes au quotidien vers la r\u00e9alisation des objectifs de vente.<\/p>\n<\/li>\n<li>\n<p>Passionn\u00e9(e) par l\u2019univers automobile, vous souhaitez contribuer au d\u00e9veloppement d\u2019un leader du march\u00e9\u00a0?<\/p>\n<\/li>\n<\/ul>\n<p style=\"text-align:center\"><strong>Ce poste est fait pour vous !<\/strong><\/p>\n<p>Vous souhaitez en savoir plus ? faites-le nous savoir en postulant !<\/p>\n<p>R\u00e9sidence bas\u00e9e sur le secteur.<\/p>\n<p>Recrutement confi\u00e9 au cabinet Impactup, sp\u00e9cialiste des fonctions commerciales et marketing.<\/p>\n<p>Confidentialit\u00e9 assur\u00e9e.<\/p>\n","protected":false},"author":2,"featured_media":0,"template":"","meta":{"_monsterinsights_skip_tracking":false,"_monsterinsights_sitenote_active":false,"_monsterinsights_sitenote_note":"","_monsterinsights_sitenote_category":0,"_promoted":"","_job_location":"80000 Amiens, Hauts-de-France","_application":"https:\/\/app.beetween.com\/WeaselWeb\/p\/#\/apply\/job\/sokfu0ctaa5k\/chef-des-ventes","_company_name":"","_company_website":"","_company_tagline":"","_company_twitter":"","_company_video":"","_filled":1,"_featured":0,"_remote_position":0,"_job_salary":"","_job_salary_currency":"","_job_salary_unit":""},"job-categories":[],"job-types":[37],"class_list":{"0":"post-30603","1":"job_listing","2":"type-job_listing","3":"status-publish","4":"hentry","6":"job-type-cdi","7":"job_position_filled"},"yoast_head":"<!-- This site is optimized with the Yoast SEO plugin v27.5 - https:\/\/yoast.com\/product\/yoast-seo-wordpress\/ -->\n<title>Chef des ventes - ImpactUp<\/title>\n<meta name=\"description\" content=\"Plus d&#039;informations sur Chef des ventes - Offres d&#039;emploi et de recrutement dans les fonctions commerciales et marketing\" \/>\n<meta name=\"robots\" content=\"index, follow, max-snippet:-1, max-image-preview:large, max-video-preview:-1\" \/>\n<link rel=\"canonical\" href=\"https:\/\/impactup.com\/en\/poste\/chef-des-ventes-6\/\" \/>\n<meta property=\"og:locale\" content=\"en_US\" \/>\n<meta property=\"og:type\" content=\"article\" \/>\n<meta property=\"og:title\" content=\"Chef des ventes - ImpactUp\" \/>\n<meta property=\"og:description\" content=\"Plus d&#039;informations sur Chef des ventes - Offres d&#039;emploi et de recrutement dans les fonctions commerciales et marketing\" \/>\n<meta property=\"og:url\" content=\"https:\/\/impactup.com\/en\/poste\/chef-des-ventes-6\/\" \/>\n<meta property=\"og:site_name\" content=\"ImpactUp\" \/>\n<meta property=\"article:modified_time\" content=\"2026-04-10T10:00:18+00:00\" \/>\n<meta property=\"og:image\" content=\"https:\/\/impactup.com\/wp-content\/uploads\/2021\/01\/og.jpg\" \/>\n\t<meta property=\"og:image:width\" content=\"1067\" \/>\n\t<meta property=\"og:image:height\" content=\"600\" \/>\n\t<meta property=\"og:image:type\" content=\"image\/jpeg\" \/>\n<meta name=\"twitter:card\" content=\"summary_large_image\" \/>\n<meta name=\"twitter:label1\" content=\"Est. reading time\" \/>\n\t<meta name=\"twitter:data1\" content=\"2 minutes\" \/>\n<script type=\"application\/ld+json\" class=\"yoast-schema-graph\">{\"@context\":\"https:\\\/\\\/schema.org\",\"@graph\":[{\"@type\":\"WebPage\",\"@id\":\"https:\\\/\\\/impactup.com\\\/en\\\/poste\\\/chef-des-ventes-6\\\/\",\"url\":\"https:\\\/\\\/impactup.com\\\/en\\\/poste\\\/chef-des-ventes-6\\\/\",\"name\":\"Chef des ventes - ImpactUp\",\"isPartOf\":{\"@id\":\"https:\\\/\\\/impactup.com\\\/en\\\/#website\"},\"datePublished\":\"2025-09-04T11:38:00+00:00\",\"dateModified\":\"2026-04-10T10:00:18+00:00\",\"description\":\"Plus d'informations sur Chef des ventes - Offres d'emploi et de recrutement dans les fonctions commerciales et marketing\",\"breadcrumb\":{\"@id\":\"https:\\\/\\\/impactup.com\\\/en\\\/poste\\\/chef-des-ventes-6\\\/#breadcrumb\"},\"inLanguage\":\"en-US\",\"potentialAction\":[{\"@type\":\"ReadAction\",\"target\":[\"https:\\\/\\\/impactup.com\\\/en\\\/poste\\\/chef-des-ventes-6\\\/\"]}]},{\"@type\":\"BreadcrumbList\",\"@id\":\"https:\\\/\\\/impactup.com\\\/en\\\/poste\\\/chef-des-ventes-6\\\/#breadcrumb\",\"itemListElement\":[{\"@type\":\"ListItem\",\"position\":1,\"name\":\"Accueil\",\"item\":\"https:\\\/\\\/impactup.com\\\/en\\\/\"},{\"@type\":\"ListItem\",\"position\":2,\"name\":\"Chef des ventes\"}]},{\"@type\":\"WebSite\",\"@id\":\"https:\\\/\\\/impactup.com\\\/en\\\/#website\",\"url\":\"https:\\\/\\\/impactup.com\\\/en\\\/\",\"name\":\"ImpactUp\",\"description\":\"Recrutement commerciaux, directions commerciales et fonctions marketing\",\"potentialAction\":[{\"@type\":\"SearchAction\",\"target\":{\"@type\":\"EntryPoint\",\"urlTemplate\":\"https:\\\/\\\/impactup.com\\\/en\\\/?s={search_term_string}\"},\"query-input\":{\"@type\":\"PropertyValueSpecification\",\"valueRequired\":true,\"valueName\":\"search_term_string\"}}],\"inLanguage\":\"en-US\"}]}<\/script>\n<!-- \/ Yoast SEO plugin. -->","yoast_head_json":{"title":"Chef des ventes - ImpactUp","description":"Plus d'informations sur Chef des ventes - Offres d'emploi et de recrutement dans les fonctions commerciales et marketing","robots":{"index":"index","follow":"follow","max-snippet":"max-snippet:-1","max-image-preview":"max-image-preview:large","max-video-preview":"max-video-preview:-1"},"canonical":"https:\/\/impactup.com\/en\/poste\/chef-des-ventes-6\/","og_locale":"en_US","og_type":"article","og_title":"Chef des ventes - ImpactUp","og_description":"Plus d'informations sur Chef des ventes - Offres d'emploi et de recrutement dans les fonctions commerciales et marketing","og_url":"https:\/\/impactup.com\/en\/poste\/chef-des-ventes-6\/","og_site_name":"ImpactUp","article_modified_time":"2026-04-10T10:00:18+00:00","og_image":[{"width":1067,"height":600,"url":"https:\/\/impactup.com\/wp-content\/uploads\/2021\/01\/og.jpg","type":"image\/jpeg"}],"twitter_card":"summary_large_image","twitter_misc":{"Est. reading time":"2 minutes"},"schema":{"@context":"https:\/\/schema.org","@graph":[{"@type":"WebPage","@id":"https:\/\/impactup.com\/en\/poste\/chef-des-ventes-6\/","url":"https:\/\/impactup.com\/en\/poste\/chef-des-ventes-6\/","name":"Chef des ventes - ImpactUp","isPartOf":{"@id":"https:\/\/impactup.com\/en\/#website"},"datePublished":"2025-09-04T11:38:00+00:00","dateModified":"2026-04-10T10:00:18+00:00","description":"Plus d'informations sur Chef des ventes - Offres d'emploi et de recrutement dans les fonctions commerciales et marketing","breadcrumb":{"@id":"https:\/\/impactup.com\/en\/poste\/chef-des-ventes-6\/#breadcrumb"},"inLanguage":"en-US","potentialAction":[{"@type":"ReadAction","target":["https:\/\/impactup.com\/en\/poste\/chef-des-ventes-6\/"]}]},{"@type":"BreadcrumbList","@id":"https:\/\/impactup.com\/en\/poste\/chef-des-ventes-6\/#breadcrumb","itemListElement":[{"@type":"ListItem","position":1,"name":"Accueil","item":"https:\/\/impactup.com\/en\/"},{"@type":"ListItem","position":2,"name":"Chef des ventes"}]},{"@type":"WebSite","@id":"https:\/\/impactup.com\/en\/#website","url":"https:\/\/impactup.com\/en\/","name":"ImpactUp","description":"Recrutement commerciaux, directions commerciales et fonctions marketing","potentialAction":[{"@type":"SearchAction","target":{"@type":"EntryPoint","urlTemplate":"https:\/\/impactup.com\/en\/?s={search_term_string}"},"query-input":{"@type":"PropertyValueSpecification","valueRequired":true,"valueName":"search_term_string"}}],"inLanguage":"en-US"}]}},"_links":{"self":[{"href":"https:\/\/impactup.com\/en\/wp-json\/wp\/v2\/job-listings\/30603","targetHints":{"allow":["GET"]}}],"collection":[{"href":"https:\/\/impactup.com\/en\/wp-json\/wp\/v2\/job-listings"}],"about":[{"href":"https:\/\/impactup.com\/en\/wp-json\/wp\/v2\/types\/job_listing"}],"author":[{"embeddable":true,"href":"https:\/\/impactup.com\/en\/wp-json\/wp\/v2\/users\/2"}],"wp:attachment":[{"href":"https:\/\/impactup.com\/en\/wp-json\/wp\/v2\/media?parent=30603"}],"wp:term":[{"taxonomy":"job_listing_category","embeddable":true,"href":"https:\/\/impactup.com\/en\/wp-json\/wp\/v2\/job-categories?post=30603"},{"taxonomy":"job_listing_type","embeddable":true,"href":"https:\/\/impactup.com\/en\/wp-json\/wp\/v2\/job-types?post=30603"}],"curies":[{"name":"wp","href":"https:\/\/api.w.org\/{rel}","templated":true}]}}

<p><strong>Entreprise :</strong><br />Notre client est un groupe leader de la distribution professionnelle.</p>
<p>Il recrute un(e) : </p>
<p style="text-align:center"><strong>Chef des ventes mécanique</strong></p>
<p><strong>Vos missions :</strong></p>
<p>Rattaché à la Direction commerciale de la filiale, vous participez au développement des ventes sur votre secteur : </p>
<ul>
<li>
<p>Vous recrutez, formez et animez sur le terrain une équipe de 5 commerciaux,</p>
</li>
<li>
<p>Vous mettez en place les plans d’actions commerciales,</p>
</li>
<li>
<p>Vous organisez l’activité et les plans de tournée,</p>
</li>
<li>
<p>Vous accompagnez et coachez les commerciaux sur le terrain, corrigez et améliorez le techniques de vente,</p>
</li>
<li>
<p>Vous dynamisez vos collaborateurs, menez les entretiens individuels et animez les réunions d’équipe.</p>
</li>
<li>
<p>Vous contrôlez les tableaux de bords, analysez vos résultats et mettez en place les plans d’actions correctifs.</p>
</li>
</ul>
<p><strong>Nos atouts :</strong></p>
<ul>
<li>
<p>Un groupe leader sur son marché.</p>
</li>
<li>
<p>Une entreprise qui valorise le développement des compétences de ses collaborateurs.</p>
</li>
<li>
<p>Des opportunités d’évolution verticales et horizontales.</p>
</li>
<li>
<p>Un package et des conditions valorisantes (45-48K€ &#43; avantages)</p>
</li>
</ul>
<p><strong>Vous êtes :</strong></p>
<p>De formation commerciale supérieure (Bac&#43;3 minimum), vous justifiez de 5 ans d’expérience d’encadrement d’équipes commerciales en BtoB idéalement acquise en environnement connexe, pièces autos, fournitures industrielles, en distribution spécialise ou négoce.</p>
<ul>
<li>
<p>Manager de terrain, organisé(e), autonome, vous avez un tempérament de leader et maitrisez les techniques de vente.</p>
</li>
<li>
<p>Tenace, rigoureux(se), esprit d’équipe, sens du service client, vous possédez idéalement une bonne connaissance des métiers de l’automobile.</p>
</li>
<li>
<p>Dynamique, orienté(e) résultats, communicant(e), vous savez mobiliser vos équipes au quotidien vers la réalisation des objectifs de vente.</p>
</li>
<li>
<p>Passionné(e) par l’univers automobile, vous souhaitez contribuer au développement d’un leader du marché ?</p>
</li>
</ul>
<p style="text-align:center"><strong>Ce poste est fait pour vous !</strong></p>
<p>Vous souhaitez en savoir plus ? faites-le nous savoir en postulant !</p>
<p>Résidence basée sur le secteur.</p>
<p>Recrutement confié au cabinet Impactup, spécialiste des fonctions commerciales et marketing.</p>
<p>Confidentialité assurée.</p>
