{"id":29841,"date":"2025-06-13T09:30:28","date_gmt":"2025-06-13T07:30:28","guid":{"rendered":"https:\/\/impactup.niou.dev\/poste\/cheffe-nationale-des-ventes\/"},"modified":"2026-04-29T12:02:11","modified_gmt":"2026-04-29T10:02:11","slug":"cheffe-nationale-des-ventes","status":"publish","type":"job_listing","link":"https:\/\/impactup.com\/en\/poste\/cheffe-nationale-des-ventes\/","title":{"rendered":"Chef(fe) national(e) des ventes"},"content":{"rendered":"<p><strong>Entreprise :<\/strong><\/p>\n<p>Groupe industriel, notre client contribue au bien-\u00eatre des consommateurs en am\u00e9liorant la qualit\u00e9 de leur sommeil.<\/p>\n<p>Riche de marques \u00e0 tr\u00e8s forte notori\u00e9t\u00e9, il occupe aujourd\u2019hui une position de leader sur le march\u00e9 Fran\u00e7ais.<\/p>\n<p>De taille humaine (850 collaborateurs), le groupe attache une grande importance au respect de ses valeurs que sont l\u2019exigence, la convivialit\u00e9 et l\u2019esprit d\u2019\u00e9quipe.<\/p>\n<p>Afin d\u2019accompagner son d\u00e9veloppement, il recrute un(e)\u00a0:<\/p>\n<p style=\"text-align:center\"><strong>Chef(fe) national(e) des ventes<\/strong><\/p>\n<p><strong>Vos missions :<\/strong><\/p>\n<p>Rattach\u00e9(e) \u00e0 la Direction commerciale de la division, vous contribuez \u00e0 la d\u00e9finition et \u00e0 la mise en \u0153uvre de la politique commerciale sur l\u2019ensemble du territoire national.<\/p>\n<p>Vos principales responsabilit\u00e9s :<\/p>\n<ul>\n<li>\n<p>D\u00e9cliner la politique commerciale au niveau national et piloter les plans d\u2019action associ\u00e9s.<\/p>\n<\/li>\n<li>\n<p>Accompagner, animer et coordonner l\u2019activit\u00e9 des \u00e9quipes commerciales pour optimiser les performances individuelles et collectives.<\/p>\n<\/li>\n<li>\n<p>\u00c9valuer et d\u00e9velopper les comp\u00e9tences commerciales des \u00e9quipes.<\/p>\n<\/li>\n<li>\n<p>Assurer l\u2019interface entre la Direction Commerciale et les \u00e9quipes terrain, en garantissant la mise \u00e0 disposition des outils et des moyens n\u00e9cessaires.<\/p>\n<\/li>\n<li>\n<p>R\u00e9aliser un reporting r\u00e9gulier de l\u2019activit\u00e9 commerciale, mener les analyses n\u00e9cessaires, d\u00e9finir les actions correctives et piloter les plans de d\u00e9veloppement.<\/p>\n<\/li>\n<li>\n<p>D\u00e9ployer la politique commerciale aupr\u00e8s des clients dont vous avez la responsabilit\u00e9 : <strong>franchis\u00e9s nationaux, groupes h\u00f4teliers, centrales d\u2019achat, revendeurs r\u00e9gionaux<\/strong>.<\/p>\n<\/li>\n<li>\n<p>Participer activement aux actions de prospection et au d\u00e9veloppement de nouveaux clients.<\/p>\n<\/li>\n<\/ul>\n<p><strong>Nos atouts :<\/strong><\/p>\n<ul>\n<li>\n<p>Une entreprise leader, dynamique et innovante sur son march\u00e9.<\/p>\n<\/li>\n<li>\n<p>Une soci\u00e9t\u00e9 qui conserve et d\u00e9veloppe un savoir-faire \u00ab\u00a0Made in France\u00a0\u00bb.<\/p>\n<\/li>\n<li>\n<p>Une culture d\u2019entreprise fond\u00e9e sur le respect, l\u2019exigence et l\u2019esprit d\u2019\u00e9quipe.<\/p>\n<\/li>\n<li>\n<p>Un environnement de travail moderne et convivial au c\u0153ur d\u2019un \u00e9coquartier dynamique \u00e0 proximit\u00e9 des rives de Seine (terrasse, espaces de d\u00e9tente, commerces \u00e0 proximit\u00e9).<\/p>\n<\/li>\n<li>\n<p>Une int\u00e9gration personnalis\u00e9e et un accompagnement r\u00e9el d\u00e8s votre arriv\u00e9e.<\/p>\n<\/li>\n<li>\n<p>Des conditions attractives : mutuelle haut de gamme, participation, t\u00e9l\u00e9travail possible pour plus de flexibilit\u00e9, remboursement \u00e0 50 % du Pass Navigo, \u2026<\/p>\n<\/li>\n<\/ul>\n<p><strong>Vous \u00eates :<\/strong><br \/>Issu(e) d\u2019une formation commerciale sup\u00e9rieure, vous justifiez d\u2019une exp\u00e9rience confirm\u00e9e (minimum 5 ans) dans le management d\u2019\u00e9quipes commerciales imp\u00e9rativement acquise dans les secteurs des services, de l\u2019h\u00f4tellerie, am\u00e9nagement d\u2019espace, agencement de boutiques, \u2026<br \/>Manager de proximit\u00e9, vous savez f\u00e9d\u00e9rer, entra\u00eener et faire progresser vos \u00e9quipes. <br \/>Vous ma\u00eetrisez les techniques de vente et de n\u00e9gociation. <br \/>Capacit\u00e9 d\u2019analyse, hauteur de vue, vous savez identifiez et g\u00e9rez les priorit\u00e9s de pilotage de la performance commerciale.<br \/>Leadership, p\u00e9dagogie, capacit\u00e9s relationnelles, vos qualit\u00e9s manag\u00e9riales sont reconnues.<br \/>Op\u00e9rationnel(le), pragmatique, vous animez une dynamique collective orient\u00e9e r\u00e9sultats et d\u00e9veloppement.<br \/>Esprit d\u2019\u00e9quipe, exigence et sens de l\u2019exemplarit\u00e9 seront des atouts essentiels pour r\u00e9ussir dans cette fonction.<br \/>La ma\u00eetrise de l\u2019anglais professionnel est souhait\u00e9e.<\/p>\n<p style=\"text-align:center\"><strong>Envie de rejoindre un acteur leader, dans un environnement o\u00f9 les valeurs humaines sont au c\u0153ur du projet d\u2019entreprise ?<\/strong>\u00a0<\/p>\n<p style=\"text-align:center\">Postulez d\u00e8s maintenant !\u00a0<\/p>\n<p>Recrutement confi\u00e9 au cabinet Impactup, sp\u00e9cialiste des fonctions commerciales et marketing.<\/p>\n<p>Confidentialit\u00e9 assur\u00e9e.<\/p>\n","protected":false},"author":2,"featured_media":0,"template":"","meta":{"_monsterinsights_skip_tracking":false,"_monsterinsights_sitenote_active":false,"_monsterinsights_sitenote_note":"","_monsterinsights_sitenote_category":0,"_promoted":"","_job_location":"75000 Paris, \u00cele-de-France","_application":"https:\/\/app.beetween.com\/WeaselWeb\/p\/#\/apply\/job\/oeyqpj595d5k\/chef-fe-national-e-des-ventes","_company_name":"","_company_website":"","_company_tagline":"","_company_twitter":"","_company_video":"","_filled":0,"_featured":0,"_remote_position":0,"_job_salary":"","_job_salary_currency":"","_job_salary_unit":""},"job-categories":[],"job-types":[37],"class_list":{"0":"post-29841","1":"job_listing","2":"type-job_listing","3":"status-publish","4":"hentry","6":"job-type-cdi"},"yoast_head":"<!-- This site is optimized with the Yoast SEO plugin v27.0 - https:\/\/yoast.com\/product\/yoast-seo-wordpress\/ -->\n<title>Chef(fe) national(e) des ventes - ImpactUp<\/title>\n<meta name=\"description\" content=\"Plus d&#039;informations sur Chef(fe) national(e) des ventes - Offres d&#039;emploi et de recrutement dans les fonctions commerciales et marketing\" \/>\n<meta name=\"robots\" content=\"index, follow, max-snippet:-1, max-image-preview:large, max-video-preview:-1\" \/>\n<link rel=\"canonical\" href=\"https:\/\/impactup.com\/en\/poste\/cheffe-nationale-des-ventes\/\" \/>\n<meta property=\"og:locale\" content=\"en_US\" \/>\n<meta property=\"og:type\" content=\"article\" \/>\n<meta property=\"og:title\" content=\"Chef(fe) national(e) des ventes - ImpactUp\" \/>\n<meta property=\"og:description\" content=\"Plus d&#039;informations sur Chef(fe) national(e) des ventes - Offres d&#039;emploi et de recrutement dans les fonctions commerciales et marketing\" \/>\n<meta property=\"og:url\" content=\"https:\/\/impactup.com\/en\/poste\/cheffe-nationale-des-ventes\/\" \/>\n<meta property=\"og:site_name\" content=\"ImpactUp\" \/>\n<meta property=\"article:modified_time\" content=\"2026-04-29T10:02:11+00:00\" \/>\n<meta property=\"og:image\" content=\"https:\/\/impactup.com\/wp-content\/uploads\/2021\/01\/og.jpg\" \/>\n\t<meta property=\"og:image:width\" content=\"1067\" \/>\n\t<meta property=\"og:image:height\" content=\"600\" \/>\n\t<meta property=\"og:image:type\" content=\"image\/jpeg\" \/>\n<meta name=\"twitter:card\" content=\"summary_large_image\" \/>\n<meta name=\"twitter:label1\" content=\"Est. reading time\" \/>\n\t<meta name=\"twitter:data1\" content=\"3 minutes\" \/>\n<script type=\"application\/ld+json\" class=\"yoast-schema-graph\">{\"@context\":\"https:\/\/schema.org\",\"@graph\":[{\"@type\":\"WebPage\",\"@id\":\"https:\/\/impactup.com\/en\/poste\/cheffe-nationale-des-ventes\/\",\"url\":\"https:\/\/impactup.com\/en\/poste\/cheffe-nationale-des-ventes\/\",\"name\":\"Chef(fe) national(e) des ventes - ImpactUp\",\"isPartOf\":{\"@id\":\"https:\/\/impactup.com\/en\/#website\"},\"datePublished\":\"2025-06-13T07:30:28+00:00\",\"dateModified\":\"2026-04-29T10:02:11+00:00\",\"description\":\"Plus d'informations sur Chef(fe) national(e) des ventes - Offres d'emploi et de recrutement dans les fonctions commerciales et marketing\",\"breadcrumb\":{\"@id\":\"https:\/\/impactup.com\/en\/poste\/cheffe-nationale-des-ventes\/#breadcrumb\"},\"inLanguage\":\"en-US\",\"potentialAction\":[{\"@type\":\"ReadAction\",\"target\":[\"https:\/\/impactup.com\/en\/poste\/cheffe-nationale-des-ventes\/\"]}]},{\"@type\":\"BreadcrumbList\",\"@id\":\"https:\/\/impactup.com\/en\/poste\/cheffe-nationale-des-ventes\/#breadcrumb\",\"itemListElement\":[{\"@type\":\"ListItem\",\"position\":1,\"name\":\"Accueil\",\"item\":\"https:\/\/impactup.com\/en\/\"},{\"@type\":\"ListItem\",\"position\":2,\"name\":\"Chef(fe) national(e) des ventes\"}]},{\"@type\":\"WebSite\",\"@id\":\"https:\/\/impactup.com\/en\/#website\",\"url\":\"https:\/\/impactup.com\/en\/\",\"name\":\"ImpactUp\",\"description\":\"Recrutement commerciaux, directions commerciales et fonctions marketing\",\"potentialAction\":[{\"@type\":\"SearchAction\",\"target\":{\"@type\":\"EntryPoint\",\"urlTemplate\":\"https:\/\/impactup.com\/en\/?s={search_term_string}\"},\"query-input\":{\"@type\":\"PropertyValueSpecification\",\"valueRequired\":true,\"valueName\":\"search_term_string\"}}],\"inLanguage\":\"en-US\"}]}<\/script>\n<!-- \/ Yoast SEO plugin. -->","yoast_head_json":{"title":"Chef(fe) national(e) des ventes - ImpactUp","description":"Plus d'informations sur Chef(fe) national(e) des ventes - Offres d'emploi et de recrutement dans les fonctions commerciales et marketing","robots":{"index":"index","follow":"follow","max-snippet":"max-snippet:-1","max-image-preview":"max-image-preview:large","max-video-preview":"max-video-preview:-1"},"canonical":"https:\/\/impactup.com\/en\/poste\/cheffe-nationale-des-ventes\/","og_locale":"en_US","og_type":"article","og_title":"Chef(fe) national(e) des ventes - ImpactUp","og_description":"Plus d'informations sur Chef(fe) national(e) des ventes - Offres d'emploi et de recrutement dans les fonctions commerciales et marketing","og_url":"https:\/\/impactup.com\/en\/poste\/cheffe-nationale-des-ventes\/","og_site_name":"ImpactUp","article_modified_time":"2026-04-29T10:02:11+00:00","og_image":[{"width":1067,"height":600,"url":"https:\/\/impactup.com\/wp-content\/uploads\/2021\/01\/og.jpg","type":"image\/jpeg"}],"twitter_card":"summary_large_image","twitter_misc":{"Est. reading time":"3 minutes"},"schema":{"@context":"https:\/\/schema.org","@graph":[{"@type":"WebPage","@id":"https:\/\/impactup.com\/en\/poste\/cheffe-nationale-des-ventes\/","url":"https:\/\/impactup.com\/en\/poste\/cheffe-nationale-des-ventes\/","name":"Chef(fe) national(e) des ventes - ImpactUp","isPartOf":{"@id":"https:\/\/impactup.com\/en\/#website"},"datePublished":"2025-06-13T07:30:28+00:00","dateModified":"2026-04-29T10:02:11+00:00","description":"Plus d'informations sur Chef(fe) national(e) des ventes - Offres d'emploi et de recrutement dans les fonctions commerciales et marketing","breadcrumb":{"@id":"https:\/\/impactup.com\/en\/poste\/cheffe-nationale-des-ventes\/#breadcrumb"},"inLanguage":"en-US","potentialAction":[{"@type":"ReadAction","target":["https:\/\/impactup.com\/en\/poste\/cheffe-nationale-des-ventes\/"]}]},{"@type":"BreadcrumbList","@id":"https:\/\/impactup.com\/en\/poste\/cheffe-nationale-des-ventes\/#breadcrumb","itemListElement":[{"@type":"ListItem","position":1,"name":"Accueil","item":"https:\/\/impactup.com\/en\/"},{"@type":"ListItem","position":2,"name":"Chef(fe) national(e) des ventes"}]},{"@type":"WebSite","@id":"https:\/\/impactup.com\/en\/#website","url":"https:\/\/impactup.com\/en\/","name":"ImpactUp","description":"Recrutement commerciaux, directions commerciales et fonctions marketing","potentialAction":[{"@type":"SearchAction","target":{"@type":"EntryPoint","urlTemplate":"https:\/\/impactup.com\/en\/?s={search_term_string}"},"query-input":{"@type":"PropertyValueSpecification","valueRequired":true,"valueName":"search_term_string"}}],"inLanguage":"en-US"}]}},"_links":{"self":[{"href":"https:\/\/impactup.com\/en\/wp-json\/wp\/v2\/job-listings\/29841","targetHints":{"allow":["GET"]}}],"collection":[{"href":"https:\/\/impactup.com\/en\/wp-json\/wp\/v2\/job-listings"}],"about":[{"href":"https:\/\/impactup.com\/en\/wp-json\/wp\/v2\/types\/job_listing"}],"author":[{"embeddable":true,"href":"https:\/\/impactup.com\/en\/wp-json\/wp\/v2\/users\/2"}],"wp:attachment":[{"href":"https:\/\/impactup.com\/en\/wp-json\/wp\/v2\/media?parent=29841"}],"wp:term":[{"taxonomy":"job_listing_category","embeddable":true,"href":"https:\/\/impactup.com\/en\/wp-json\/wp\/v2\/job-categories?post=29841"},{"taxonomy":"job_listing_type","embeddable":true,"href":"https:\/\/impactup.com\/en\/wp-json\/wp\/v2\/job-types?post=29841"}],"curies":[{"name":"wp","href":"https:\/\/api.w.org\/{rel}","templated":true}]}}

<p><strong>Entreprise :</strong></p>
<p>Groupe industriel, notre client contribue au bien-être des consommateurs en améliorant la qualité de leur sommeil.</p>
<p>Riche de marques à très forte notoriété, il occupe aujourd’hui une position de leader sur le marché Français.</p>
<p>De taille humaine (850 collaborateurs), le groupe attache une grande importance au respect de ses valeurs que sont l’exigence, la convivialité et l’esprit d’équipe.</p>
<p>Afin d’accompagner son développement, il recrute un(e) :</p>
<p style="text-align:center"><strong>Chef(fe) national(e) des ventes</strong></p>
<p><strong>Vos missions :</strong></p>
<p>Rattaché(e) à la Direction commerciale de la division, vous contribuez à la définition et à la mise en œuvre de la politique commerciale sur l’ensemble du territoire national.</p>
<p>Vos principales responsabilités :</p>
<ul>
<li>
<p>Décliner la politique commerciale au niveau national et piloter les plans d’action associés.</p>
</li>
<li>
<p>Accompagner, animer et coordonner l’activité des équipes commerciales pour optimiser les performances individuelles et collectives.</p>
</li>
<li>
<p>Évaluer et développer les compétences commerciales des équipes.</p>
</li>
<li>
<p>Assurer l’interface entre la Direction Commerciale et les équipes terrain, en garantissant la mise à disposition des outils et des moyens nécessaires.</p>
</li>
<li>
<p>Réaliser un reporting régulier de l’activité commerciale, mener les analyses nécessaires, définir les actions correctives et piloter les plans de développement.</p>
</li>
<li>
<p>Déployer la politique commerciale auprès des clients dont vous avez la responsabilité : <strong>franchisés nationaux, groupes hôteliers, centrales d’achat, revendeurs régionaux</strong>.</p>
</li>
<li>
<p>Participer activement aux actions de prospection et au développement de nouveaux clients.</p>
</li>
</ul>
<p><strong>Nos atouts :</strong></p>
<ul>
<li>
<p>Une entreprise leader, dynamique et innovante sur son marché.</p>
</li>
<li>
<p>Une société qui conserve et développe un savoir-faire « Made in France ».</p>
</li>
<li>
<p>Une culture d’entreprise fondée sur le respect, l’exigence et l’esprit d’équipe.</p>
</li>
<li>
<p>Un environnement de travail moderne et convivial au cœur d’un écoquartier dynamique à proximité des rives de Seine (terrasse, espaces de détente, commerces à proximité).</p>
</li>
<li>
<p>Une intégration personnalisée et un accompagnement réel dès votre arrivée.</p>
</li>
<li>
<p>Des conditions attractives : mutuelle haut de gamme, participation, télétravail possible pour plus de flexibilité, remboursement à 50 % du Pass Navigo, …</p>
</li>
</ul>
<p><strong>Vous êtes :</strong><br />Issu(e) d’une formation commerciale supérieure, vous justifiez d’une expérience confirmée (minimum 5 ans) dans le management d’équipes commerciales impérativement acquise dans les secteurs des services, de l’hôtellerie, aménagement d’espace, agencement de boutiques, …<br />Manager de proximité, vous savez fédérer, entraîner et faire progresser vos équipes. <br />Vous maîtrisez les techniques de vente et de négociation. <br />Capacité d’analyse, hauteur de vue, vous savez identifiez et gérez les priorités de pilotage de la performance commerciale.<br />Leadership, pédagogie, capacités relationnelles, vos qualités managériales sont reconnues.<br />Opérationnel(le), pragmatique, vous animez une dynamique collective orientée résultats et développement.<br />Esprit d’équipe, exigence et sens de l’exemplarité seront des atouts essentiels pour réussir dans cette fonction.<br />La maîtrise de l’anglais professionnel est souhaitée.</p>
<p style="text-align:center"><strong>Envie de rejoindre un acteur leader, dans un environnement où les valeurs humaines sont au cœur du projet d’entreprise ?</strong> </p>
<p style="text-align:center">Postulez dès maintenant ! </p>
<p>Recrutement confié au cabinet Impactup, spécialiste des fonctions commerciales et marketing.</p>
<p>Confidentialité assurée.</p>

75000 Paris, Île-de-France
